/6 + k**2 + 2. What is s(-1)?
-12
Let t be 5*(-3 + (-26)/(-10)). Let n(s) be the third derivative of s**4/12 - s**3/3 + 3*s**2. Give n(t).
-6
Let g(u) = 17*u**3 + 2*u**2 + u. Let c = 137 - 141. Let n be 12/60*(2/(-2) + c). Determine g(n).
-16
Let q(c) = -7*c. Let n(d) = -4*d + 4. Let x be n(-1). Suppose -23*s - 30 = -x*s. Give q(s).
14
Let r(g) = -g**2 + 3*g + 12. Let a be r(5). Let q(t) = 2*t**2 + t + 1. Let j(v) = 8*v**2 + 5*v + 5. Let c(h) = 4*j(h) - 18*q(h). Calculate c(a).
-10
Let x(t) = 3*t**3 - 2*t**2 - 6*t - 1. Let h(m) = -13*m**3 + 7*m**2 + 25*m + 5. Let f(u) = 2*h(u) + 9*x(u). Let a be 18/5 - 15/((-375)/10). Give f(a).
-15
Let x be 3/(-27) + 155/1395. Let r(h) = -4 - 3 + 2 - h**2. Determine r(x).
-5
Suppose 0 = 4*x - x - 12. Let a(y) = -3*y**2 - 2*y + 1 + x*y + y + 2*y**2. Calculate a(4).
-3
Let i(z) = 3*z**2 + 2*z - 5. Let c(p) = 5*p**2 + 3*p - 7. Let j(b) = 5*c(b) - 7*i(b). What is j(-2)?
14
Let a = 60 + -60. Suppose a = 3*f - 8*f + 15. Let r(p) = p**2 - 5*p + 3. What is r(f)?
-3
Let j(u) be the second derivative of -u**4/12 - u**3/3 - 2*u**2 + 8*u + 53. Give j(-3).
-7
Let b = -21 + 26. Suppose 0 = -8*k + 3 + b. Let m(s) = -15*s**3 + s**2 - 2*s + 1. Calculate m(k).
-15
Let w(u) = -13518 + 2*u + 13520 + 3*u - u**2. Let q(y) = 3*y - 4. Let h be q(5). Let d = h - 7. Give w(d).
6
Let m(o) = 2*o + 3. Suppose 0 = -3*t + 2*f + 25, -4*t + 19 = 5*f + 1. Suppose -b - 2*c - 4 = 8, -b = c + t. Determine m(b).
-1
Let w(i) = i**3 - 9*i**2 + 2*i + 9. Let k(j) = -j**2 + j + 1. Suppose -36*t + 35*t = -6. Let x(q) = t*k(q) - w(q). What is x(4)?
-3
Let f(i) = 62 + 3*i + 2*i**3 - 22 - 20 - 18. What is f(-2)?
-20
Let b(x) = -1224 - 4*x**2 - 2*x**3 + 612 + 5*x**2 + 611. Calculate b(-1).
2
Let i = -271 + 260. Let a(c) = c**2 + 11*c - 2. Determine a(i).
-2
Suppose -27*w = -10*w - 136. Let d(k) = -k**3 + 9*k**2 - 12*k + 8. Give d(w).
-24
Let q = -740 - -737. Let n(g) = g**3 - 4*g**2 - 5*g - 3. Determine n(q).
-51
Let x(a) = 9*a + 1. Suppose g + g + 92 = 0. Let c = g + 45. What is x(c)?
-8
Let l(x) be the third derivative of x**6/120 + 19*x**5/60 + 2*x**4/3 - 29*x**3/6 - 3*x**2 + 2*x. Calculate l(-18).
7
Let y be (-3)/(-2)*(-32)/(-6). Let b(g) = -g + 1. Let o be b(1). Let u(i) = 7*i**3 + o - 1 - y*i**3 - i**2 - i. Calculate u(-2).
5
Let n(p) = p**2 - 23 - 19 + 44 + p. What is n(0)?
2
Let c(a) = -8*a + 4. Let s = 132 - 135. Calculate c(s).
28
Let o(j) = -13*j**2 - 106*j + 10. Let c(q) = 4*q**2 + 32*q - 3. Let y(l) = 10*c(l) + 3*o(l). Let t be 2 + 0 - -7 - 2. Let b be (-5)/t - 2/7. Give y(b).
-1
Let j(m) = 16*m. Suppose -29 = -4*s + 5*l, -17 = -2*s + 32*l - 29*l. Determine j(s).
16
Let y(p) = -2*p**2 + 3*p + 1. Suppose -41 = 18*o - 5. What is y(o)?
-13
Let o be 11/(-22) + 1/2. Suppose o = 2*r - 5*r + 6. Suppose 0 = 4*a - 3*n - 13, 2*n + 4 = -r. Let y(d) = -d**3 + d**2 - 1. Give y(a).
-1
Let y(r) = 13*r**3 - r**2 + 1. Suppose -f = 3*q - 1, -f + 5*q = -2*f + 5. Let c be f/(-2)*((-8)/5 + 2). What is y(c)?
13
Let t(f) = 2*f**3 + 3*f**2 + 3*f. Let c(l) = 9*l + 2. Let m be c(1). Let p be 34/(-4) - m/(-22). Let d be (15/(-30))/((-2)/p). What is t(d)?
-10
Let m(z) = 2*z**2 + 3*z. Let b be (-3 + 2 - -4)/1. Suppose -b*x + 12 = -7*x. What is m(x)?
9
Suppose -102 = 13*d - 47*d. Let r(a) be the first derivative of 1/3*a**d + 1/2*a**2 - 1 + a. Determine r(-3).
7
Let c be -4 - 0 - (-12)/(-30)*5. Let r(p) = -9*p**2 - 6 + 19*p**2 - 9*p**2 + 4*p. Calculate r(c).
6
Suppose 0*p - l = 2*p - 19, 3*p + 4*l = 41. Let u(h) = 3*h - 2*h + 1 + p - 2*h. Let c be u(9). Let t(w) = -5*w. Give t(c).
5
Let h(n) = -n**2 - 5*n - 3. Let m be h(-3). Let g = m - 1. Let y(k) = -4*k + 0*k + k**2 + 2*k. What is y(g)?
0
Suppose 0 = -5*r + 313 + 5162. Let t(y) = -3 - 3 - r*y**3 - 9*y + 1094*y**3 - 8*y**2. Give t(-7).
8
Let a(o) = 4*o + 20. Let y(z) = -4*z - 17. Let s(u) = 6*a(u) + 7*y(u). Let h be (-12)/10*25/(-10). Suppose h*j - w + 0*w - 8 = 0, j = 4*w - 1. Determine s(j).
-11
Let k(d) = -d**3 + 6*d**2 - d - 7. Let f(u) = -2*u**2 - 15*u + 10. Let g be f(-8). Suppose -n + g*j - 28 = -6*n, -5*n + 25 = 5*j. Calculate k(n).
-13
Let z(b) be the first derivative of b**2 + b - 6. Suppose 11 = -4*y - 1. Let q be (2 + y)/((-1)/(-3)). What is z(q)?
-5
Suppose 2 = -3*p - 7. Let r(w) be the second derivative of w**4/12 + 2*w**3/3 + w**2 - 3*w + 206. Determine r(p).
-1
Let o(u) = -13*u**2 + 37*u**2 + 5 - 14*u**2 + 6*u - 9*u**2 - 2. Let c be (-13)/3 - 2/(-6). Calculate o(c).
-5
Let d(q) be the third derivative of -1/2*q**3 + 0*q**4 + 2*q**2 + 1/60*q**5 + 0*q + 0. Let v be d(0). Let k(y) = -2*y**3 - 4*y**2 - 4. Determine k(v).
14
Suppose 3*u = -4*o - 2 - 6, 0 = 2*u - 5*o + 13. Let k(i) = 8*i + 8. Let g(j) = -7*j - 7. Let m(l) = -6*g(l) - 5*k(l). Give m(u).
-6
Let g(v) = 7 + 4 - 266*v**2 - 7*v + 267*v**2. Determine g(8).
19
Let f(m) be the first derivative of m**3 + 6*m**2 + m + 8. Let j be f(-5). Let d be (5 - 4) + j/4. Let c(r) = r**3 - 5*r**2 - r + 3. Calculate c(d).
-2
Let l(z) = -2*z**2 + 30*z. Let p = -1180 + 1195. Give l(p).
0
Suppose -6*w = -w - 45. Let f(r) = -5 + 6*r + 3 + 4*r**3 + 7*r**2 + w - 3*r**3. Suppose -4*c - 2*b = 32, -6 = 5*c + b + 28. Determine f(c).
7
Let s(k) = -2*k**2 - 3*k - 2. Let w(b) = b**2 + b + 1. Let o(f) = -s(f) - 4*w(f). Determine o(-1).
-3
Suppose -i - 9 = -2*i. Suppose -5*c = g - i, -3*g + 8 = -6*c + 2*c. Suppose -3*p = v + 4 - c, -4*p = -3*v + 17. Let n(r) = r**2 - 2*r - 1. What is n(v)?
2
Let a be (9/(-4))/(3/(-12)). Suppose -2 = -t + 2*l, -5*t + 4*l - a - 5 = 0. Let w(j) be the first derivative of -j**4/4 - 2*j**3 - j**2/2 + j - 6. What is w(t)?
7
Let m(k) = -8*k**2 - 4*k + 29. Let o(s) = -3*s**2 - s + 10. Let d(a) = -4*m(a) + 11*o(a). Let u(l) = -l**2 + 11*l - 20. Let f be u(8). Determine d(f).
-2
Let w be (-1)/(-3)*-6 + -2 + -1. Let u be ((-3)/w)/((-8)/(-40)). Let i(k) = k - 3. What is i(u)?
0
Let p be 2*2/5*(-105)/(-84). Let q(v) = -18*v**2 - v. Determine q(p).
-19
Let w(u) = -u - 5. Let n(c) = 6*c + 36. Let z(d) = n(d) + 5*w(d). Determine z(-10).
1
Let y = -182 - -178. Suppose -3*t + 7 = -2. Let c(a) = a - 1 + t + 0. Give c(y).
-2
Let a(j) be the second derivative of j**5/20 - 5*j**4/12 + 5*j**3/6 - j**2 + 3*j. Let l(u) = -22*u - 63. Let p be l(-3). Give a(p).
-5
Let t(r) = -r**3 + 4*r**2 + r - 1. Let j be 2/(-2) - (-20)/10. Let y(w) = 4*w**2 - w + 2. Let x be y(j). Calculate t(x).
-21
Suppose 2*h - 4*h = 3*i - 25, -3*h = -i - 10. Let f(u) = u**3 - 12*u**2 + 12*u - 9. Let a be f(11). Let t(q) = 7 - 2*q - q - q - q + q**a. Give t(i).
7
Let h(c) = c - 4. Let p = 179 - 173. What is h(p)?
2
Let b = 80 + -80. Let p(z) = 4*z - 5*z + z**2 - 1 + 0 - 3. What is p(b)?
-4
Let q(g) = 6*g**2 - 26*g + 12. Let r be q(4). Let d(c) = -6*c - 3. Give d(r).
-27
Let w(r) = 2*r**2 - 4*r - 10. Suppose -3*m - 3*n = m - 15, -5 = -3*m + 4*n. Determine w(m).
-4
Suppose 5*v - 2*h = -33, -v = 5*h - 3 - 12. Let n(x) be the second derivative of -x**4/12 - 5*x**3/6 + 3*x**2 - 9*x. What is n(v)?
6
Suppose b = 3*b - q - 28, -2*q = 2*b - 28. Let a(c) = -c**3 + 13*c**2 + 15*c - 14. What is a(b)?
0
Let z(f) = -5*f + 15. Let h(j) = 3*j - 7. Let n(p) = 11*h(p) + 6*z(p). Let w be n(-5). Let g(c) = -c**3 + 2*c**2 + 3*c + 3. Determine g(w).
13
Let b(l) = 2*l**3 + 8*l**2 - 4*l - 12. Let x(g) be the first derivative of -g**4/4 - 4*g**3/3 + g**2 + 6*g + 15. Let t(r) = -4*b(r) - 9*x(r). What is t(-4)?
2
Let s(t) = -t**3 + 8*t**2 - 4. Let u be ((-25)/10)/(0 + (-5)/16). Determine s(u).
-4
Let r(k) be the third derivative of -k**5/120 + k**4/8 - 13*k**3/6 - 19*k**2. Let w(u) be the first derivative of r(u). Determine w(0).
3
Let b(t) = t + t**3 + 3 - 5 - 2*t. Suppose 0*c + 4*c + 2*y = 12, -c - 5*y - 6 = 0. Let q be 0/((-6 + c)/(-2)). Calculate b(q).
-2
Let n(g) = -4*g**2 - 5*g**2 - g - g**2 + 11*g**2. What is n(2)?
2
Let p(n) = -n**3 - n**2 + 3*n + 1. Let t be p(2). Let d(h) = h**2 + 13*h. Let w(v) = v**2 + 12*v + 1. Let q(j) = -4*d(j) + 5*w(j). Determine q(t).
-10
Let r(k) = k - 6. Let g be r(5). Let w(b) = b**2 - b - 1. Let x(q) = -q**3 - q**2 - 4*q + 3. Let j(s) = g*x(s) + 4*w(s). Let d = -9 - -4. Give j(d).
-7
Let j(p) = -p**3 - 22*p**2 + 13*p - 210. Let n be j(-23). Let t(y) = y**3 - 21*y**2 + 21*y - 33. What is t(n)?
-13
Let s(v) be the second derivative of 3/2*v**3 - 4*v**2 - 16*v + 1/2*v**4 - 1/20*v**5 + 0. Gi